) - (-355 + -3).
2, 89
Suppose 4*h - h - 4 = 2*k, h - 6 = -4*k. Suppose -h*g - 4*b + 2142 = 0, -3*b + 20 - 5 = 0. List the prime factors of g.
1061
Suppose 4*g + 12 = 0, -2*i = -0*g + 3*g - 5. Suppose -5*q + 4*f + 3 = 0, -13*f - 11 = 3*q - 9*f. List the prime factors of ((-253)/77)/(q/i).
23
Suppose -3*t - 2*r + 27690 = 0, 0 = 4*t + 63*r - 66*r - 36903. List the prime factors of t.
2, 3, 769
Let w = 9015 + -346. List the prime factors of w.
8669
Let y = 14718 + -5463. List the prime factors of y.
3, 5, 617
Let h be -4 + (-280)/(-32) - (-2)/8. Suppose -h*j + 351 = -1059. List the prime factors of j.
2, 3, 47
Let t = 334 + 186. Let n = t + 135. What are the prime factors of n?
5, 131
Let m(x) = 56*x + 5*x**2 - 14 - 1 - 64*x. What are the prime factors of m(5)?
2, 5, 7
Suppose 6*r + 36 - 6 = 0. What are the prime factors of (-92)/r*(-455)/(-26)?
2, 7, 23
Let p = 444 + -267. Let c = p - 91. What are the prime factors of c?
2, 43
Suppose p - 4*w = 4086, -8*p - 20388 = -13*p - w. List the prime factors of p.
2, 2039
Suppose 120 = -111*t + 135*t. Suppose t*l = 6855 + 950. What are the prime factors of l?
7, 223
Let n = 19227 - 5784. List the prime factors of n.
3, 4481
Let t = -2029 - -7383. What are the prime factors of t*1/12 - (-3)/(-18)?
2, 223
Let l be (-6 - -1)*(1 + (-22)/10). What are the prime factors of 4209/l + 5/(-9 + -1)?
701
What are the prime factors of 5628 - 4*(4 + -5)?
2, 11
Let u be 1/(136/(-16)) - 242/(-34). List the prime factors of (-1680)/u*8/(-5).
2, 3
Let v be (-1 - 3) + -6 + (-1 - -5). Let w be v/2 - (-21 + 16). Suppose -w*u + 109 = -g - 2*g, -262 = -5*u - 3*g. What are the prime factors of u?
53
Let c = -35080 - -58923. List the prime factors of c.
113, 211
What are the prime factors of (((-40)/8)/(-45))/((-2)/(-133074))?
7393
Let z be (5 - 12 - -3)*2. Let o = z + 7. Let f(l) = 7*l**2 + 4*l + 3. List the prime factors of f(o).
2, 3
Let w = -548 - -976. Suppose 3*v - w - 625 = -2*p, 15 = -3*v. What are the prime factors of p?
2, 3, 89
What are the prime factors of 207410/175*(3 + 7)?
2, 2963
Let n = -17 - -19. Suppose 6*d - 4*d = -u + 57, 3*u = n*d + 203. Suppose -5*w - 3*j = u - 260, 2*w - 78 = j. What are the prime factors of w?
3, 13
Let s be (-210)/45 + 3/(-9). List the prime factors of (-282)/(s - 18/(-6)).
3, 47
Suppose -46*s + 123660 + 217824 = 80664. List the prime factors of s.
2, 3, 5, 7
Suppose 5*m - a - 21289 = 0, -2*a = 4*m - 7*a - 17048. What are the prime factors of m?
3, 11, 43
Let u be (21/(-45))/((-4)/24)*10. Let o(n) = 14*n + 48. What are the prime factors of o(u)?
2, 5, 11
Let l be (-3)/8 - (-7905)/408. Let s(x) = 2*x**2 + 13*x - 65. List the prime factors of s(l).
2, 113
Let u(x) = 61 + 15*x + 44 - 77. Let m be u(-9). Let y = -91 - m. List the prime factors of y.
2
Let d be 1/(-4) - 24/32. Let z(h) = -8*h**3 + 3*h**2 + 3*h - 1. Let l(p) = -p**2 + 1. Let f(r) = d*z(r) - 4*l(r). List the prime factors of f(3).
3, 71
Suppose -2*w + 5*w - 5*c - 11 = 0, -w = 5*c + 23. List the prime factors of w/15 + (-47614)/(-70).
2, 5, 17
Let u = -60 + 115. Suppose u = 8*k - 17. Suppose -k*b = 3*b - 2244. What are the prime factors of b?
11, 17
Let m be (-34)/153 + (-4)/(-18). Suppose 0 = t - m - 6. List the prime factors of 854/34 + t/(-51).
5
Suppose 3*h = 5*u - 122, -5*u + 4*h = -u - 104. Suppose -2*w + 3*w = 2*x - 1, -5*w + 37 = 4*x. Let z = u - x. What are the prime factors of z?
19
Suppose 11*h - 6*h = 60. Let k(c) = c - h + 11 + 60*c**2 + 3*c**2. What are the prime factors of k(1)?
3, 7
Let h = 26204 + -18106. List the prime factors of h.
2, 4049
Let j(r) = -10*r + 2. Suppose 6 = 3*v, 0*v + 5*v - 18 = -4*w. Let h be 2 + ((-2)/2 - w). What are the prime factors of j(h)?
2, 3
Let m be (-43 + 3)/8 - -2286. What are the prime factors of 8/(-24) + m*1/3?
2, 5, 19
Suppose 58*m = 47*m + 361581. What are the prime factors of m?
3, 10957
What are the prime factors of ((-4)/(-3))/(68/1612416)?
2, 13, 19
Suppose 4*u - 24 + 8 = 0. Suppose 2*d - s = 165, -3*d + s - u*s = -270. Suppose -d = -4*z + 2*g - 3*g, 5*g = 5*z - 100. What are the prime factors of z?
3, 7
Suppose l = -2*l + z + 26, 39 = 2*l - 5*z. Suppose l*w = 30*w - 13938. List the prime factors of w.
2, 3, 101
Suppose -16 - 146 = 27*s. Let d(f) = -2*f**3 - 5*f**2 + 2*f + 11. What are the prime factors of d(s)?
251
Suppose -4*f + 69403 = u - 57062, 0 = -3*f - 2*u + 94840. List the prime factors of f.
2, 15809
Let k(n) = -n**3 - n**2 + 2*n + 109. Let h be k(0). Let d = 213 - h. List the prime factors of d.
2, 13
Suppose -c + 26 = -4*q + 14, -2*c = 5*q + 15. Suppose c = 11*i - 6*i - 2*g - 8124, -2*i = -2*g - 3246. List the prime factors of i.
2, 3, 271
Suppose -3*l + 0*l + 7047 = -3*i, -4696 = -2*l + 3*i. Let w = l - 1321. What are the prime factors of 0 - (-2)/6 - w/(-6)?
2, 43
Let s(m) = 13*m + 65. Suppose -2*f - 5*d = 3*f - 15, 2*f = -d + 8. Suppose 0 = -f*h + o + 72, -2*o = 3*h + 3*o - 60. What are the prime factors of s(h)?
2, 5, 13
Suppose 7046 = 5*d + 3*h, d - 13*h - 1402 = -10*h. What are the prime factors of d?
2, 11
Let g(c) = 2*c**2 - c + 1. Let b be g(-4). Let a be (2 - 1) + (13 - 33). Let l = b + a. What are the prime factors of l?
2, 3
Let q(j) = 2*j**2 - 7*j - 13. Suppose 2*g + 135 = 11*g. Suppose 2*a - v + 23 = 2*v, 2*v = -3*a - g. List the prime factors of q(a).
2, 67
Let x = -2771 - -4075. Suppose i + 3*i - x = 0. List the prime factors of i.
2, 163
Let w = 7225 - -3002. What are the prime factors of w?
3, 7, 487
Let p = 6458 - 122. What are the prime factors of p?
2, 3, 11
Suppose -4*o + 26324 = 4*b, -220 = 2*o - 212. List the prime factors of b.
3, 5, 439
Suppose n - 5*z + 21 = 4*n, 5*n - 5*z + 5 = 0. Suppose n*m - 6*m = -1044. What are the prime factors of m?
3, 29
Let o(v) = v**3 - 11*v**2 - 17*v - 1. Let n be o(13). Let y = n + -106. Suppose 0 = -y*w + 7*w + 330. List the prime factors of w.
2, 5, 11
Let n = 95 + -95. List the prime factors of 3 - -177 - (6 - n).
2, 3, 29
Suppose 0 = 3*n - 3*z + 25644 - 65976, -z = -2*n + 26883. List the prime factors of n.
89, 151
Let t(k) = -k**3 + 8*k**2 - 7*k + 7. Let n be t(7). Suppose 1 + 69 = -n*c. Let g(d) = -9*d - 42. What are the prime factors of g(c)?
2, 3
Suppose 9*z - 12398 = -6*z + 14*z. List the prime factors of z.
2, 6199
Let j(m) = 2*m**3 + 18*m**2 + 15*m - 4. Let c be (-70)/21*(-12)/(-5). List the prime factors of j(c).
2
Suppose -21*x + 20*x = -q + 5636, 4*x = -q + 5661. What are the prime factors of q?
5641
Let z(t) = -54*t**3 + 2*t**2 + t. Suppose -3*k - 4*a - 4 = -16, -4*a + 12 = 0. Suppose k = -6*x - 0*x - 6. List the prime factors of z(x).
5, 11
Let q(t) = -208*t - 619. What are the prime factors of q(-33)?
5, 1249
Let i(v) = 4 - 8 - 2*v + 14. Let f be i(5). Suppose -4*s + f*s + 196 = 0. List the prime factors of s.
7
Let x = -54182 - -83328. What are the prime factors of x?
2, 13, 19, 59
Let l(u) = -u**3 - 9*u**2 + 9*u - 17. Let b be l(-11). Let t = 252 - b. List the prime factors of t.
2, 3, 7
Suppose 0*i + d = 4*i, 4*d = -4*i. Suppose b - 663 + 114 = i. List the prime factors of 1 - 0 - b/(-9).
2, 31
Let b = 44526 + -25657. List the prime factors of b.
18869
Suppose g + 12 = 3*l - 7, 4*l = -4*g + 4. Suppose z + 4*z - 4*c - 154 = 0, -3*z + 85 = l*c. What are the prime factors of z?
2, 3, 5
Suppose 0*z + t - 2327 = -4*z, -2*z + 1156 = -2*t. Let j be (-2)/5 + z/(-35). Let m(r) = -14*r - 55. List the prime factors of m(j).
3, 61
List the prime factors of 24/14*(6/26 - 1886773/(-91)).
2, 3, 1481
Let z(g) = -23*g - 15. Let f be z(-6). Let i = f + 15. List the prime factors of i.
2, 3, 23
Let l(z) = 28*z**3 - 2*z**2 + z. Suppose -23*u + 46 = -0*u. What are the prime factors of l(u)?
2, 109
Let j(r) = 9*r**2 - r + 10. Let g(c) = -2*c**2 + 21*c - 15. Let k be g(10). What are the prime factors of j(k)?
2, 3, 5
Let b = 136 - 131. Suppose 0 = 4*z + b*z + 6642. Let v = -518 - z. What are the prime factors of v?
2, 5, 11
Let r(v) = 54*v**3 - 15*v**2 + 118*v - 29. What are the prime factors of r(6)?
11, 29, 37
Let b = -1 + 1. Suppose 3*g + 5*x - 954 = 0, 23*g + 4*x = 28*g - 1590. Suppose b = -0*f + 6*f - g. What are the prime factors of f?
53
Suppose -2*v - 5*w = 31, v - 5*w = 10 - 3. Let g(u) be the first derivative of u**4/4 + 10*u**3/3 + 11*u**2/2 + 10*u + 11. What are the prime factors of g(v)?
2,